59
In base 13, what is -128 + -1738?
-1863
In base 2, what is 1010 + 1110111111000011011?
1110111111000100101
In base 6, what is 5114 - -141?
5255
In base 3, what is -2 - 202120100022?
-202120100101
In base 4, what is -120311112 + 0?
-120311112
In base 7, what is -64 - -323?
226
In base 3, what is 1101 - -2000200?
2002001
In base 13, what is 5 + 4897?
489c
In base 7, what is 0 + -33616?
-33616
In base 16, what is -d4a - e8?
-e32
In base 8, what is -1 + 175471?
175470
In base 13, what is a - -669?
676
In base 15, what is -8 + -619?
-622
In base 9, what is 24 + 65530?
65554
In base 3, what is -20122 - 2000?
-22122
In base 7, what is -25 + -5540?
-5565
In base 16, what is 16 + 42b8?
42ce
In base 15, what is 2 - -13950?
13952
In base 15, what is 3 + -13d0?
-13cc
In base 10, what is 6 + -11306?
-11300
In base 7, what is 14042 - -40?
14112
In base 9, what is -886225 + -2?
-886227
In base 14, what is 54b9 - 17?
54a2
In base 7, what is 13244533 - 2?
13244531
In base 4, what is -1131101 + -11?
-1131112
In base 14, what is -b02 - 14?
-b16
In base 5, what is -13 - -234013?
234000
In base 3, what is -12000022 + 221?
-11222101
In base 7, what is 614636 + -1?
614635
In base 4, what is -20032 + -11101?
-31133
In base 11, what is 6 - -5049?
5054
In base 13, what is 2b + a6b?
a99
In base 6, what is 14534001 - 3?
14533554
In base 13, what is -10 + 1325?
1315
In base 3, what is -2112012211 - -1110?
-2112011101
In base 5, what is -24 - -33242?
33213
In base 3, what is 12 - -12020010?
12020022
In base 9, what is -1264 + 322?
-842
In base 16, what is -119 - -245?
12c
In base 6, what is 20 - -1230?
1250
In base 14, what is 2 + 10802?
10804
In base 10, what is -537 - -1525?
988
In base 5, what is -1342232 + -31?
-1342313
In base 4, what is -2001 + 12000?
3333
In base 8, what is 6014 + -2?
6012
In base 14, what is 14913 - -6?
14919
In base 12, what is a9 + 12?
bb
In base 16, what is -42c31 + -1?
-42c32
In base 13, what is 15 - -b943?
b958
In base 7, what is -3 - 102000?
-102003
In base 10, what is 2 + -2334?
-2332
In base 9, what is -20 - -7338?
7318
In base 5, what is -3333 + -222?
-4110
In base 6, what is -4 - 25101?
-25105
In base 5, what is -31032 + 331?
-30201
In base 6, what is -1115 + 3541?
2422
In base 7, what is -11 - 265?
-306
In base 9, what is 0 - -2141320?
2141320
In base 13, what is 0 - b461?
-b461
In base 3, what is 10 - 200110?
-200100
In base 9, what is -646486 - 2?
-646488
In base 12, what is -35 + -19b?
-214
In base 3, what is 10202 - 222110?
-211201
In base 2, what is 11 + 10011101000000010?
10011101000000101
In base 5, what is 13 - 2044032?
-2044014
In base 8, what is -60130 + 157?
-57751
In base 13, what is -276 + -6b?
-314
In base 14, what is -1142 - -7a?
-10a6
In base 3, what is -11120121222222 - 1?
-11120122000000
In base 4, what is -13021 - -231?
-12130
In base 4, what is -11 - -2320012?
2320001
In base 8, what is -226703 - 4?
-226707
In base 4, what is 10110 - 332010?
-321300
In base 11, what is 33a - 936?
-5a7
In base 16, what is 39 + 365?
39e
In base 16, what is -e + 374e6?
374d8
In base 3, what is 12 - -21201002?
21201021
In base 7, what is 636 + -45105?
-44136
In base 8, what is 2 + 11664?
11666
In base 11, what is -5 + 15198?
15193
In base 7, what is 102004 + 6?
102013
In base 8, what is -3 - 23757?
-23762
In base 5, what is -123 - 11310?
-11433
In base 3, what is 10 + -212202000112?
-212202000102
In base 13, what is -b7 - 22a?
-314
In base 13, what is -3 + 3880?
387a
In base 4, what is -33313110 - -10?
-33313100
In base 2, what is 10 - -11111110110111010?
11111110110111100
In base 9, what is -41 - -30358?
30317
In base 9, what is -455 - 808?
-1364
In base 8, what is -5 + -16502?
-16507
In base 6, what is 13432312 - -1?
13432313
In base 4, what is -12022 - 2331?
-21013
In base 16, what is 38b + 478?
803
In base 14, what is 4d - -194?
203
In base 2, what is 1010 + -11011101111111?
-11011101110101
In base 10, what is -341 + 82?
-259
In base 2, what is 1011100000001001 + 11?
1011100000001100
In base 11, what is 5 + 4050?
4055
In base 12, what is -8 + 11a1?
1195
In base 10, what is 117112 - 9?
117103
In base 5, what is -2 + -411102002?
-411102004
In base 6, what is 32140 - -1003?
33143
In base 13, what is -130 - -586?
456
In base 7, what is 400 + -13336?
-12636
In base 5, what is -40 - 122433?
-123023
In base 15, what is 4d987 + 3?
4d98a
In base 6, what is 24 + -3551251?
-3551223
In base 14, what is 22d4 + -2d?
22a5
In base 13, what is 558 + -64?
4c4
In base 8, what is 543516 + 2?
543520
In base 14, what is 2a3 + 82?
345
In base 6, what is 54355 - -3?
54402
In base 15, what is 31183 + 5?
31188
In base 8, what is 11 - -6060?
6071
In base 4, what is -21221303 + -10?
-21221313
In base 16, what is -2 - -868cd?
868cb
In base 6, what is -3322054 - 1?
-3322055
In base 5, what is -4121414 + -2?
-4121421
In base 5, what is 41012 + 4?
41021
In base 6, what is 2052 + 12344?
14440
In base 5, what is -32 + 134?
102
In base 15, what is 1e6 + -5e?
187
In base 12, what is 553 - 50?
503
In base 4, what is 203 - -2330303?
2331112
In base 13, what is 14 - -1574?
1588
In base 7, what is -355 + -3243?
-3631
In base 9, what is -313 + -1014?
-1327
In base 11, what is 8348a + 2?
83491
In base 12, what is -216 - 95?
-2ab
In base 4, what is -23002 - 21031?
-110033
In base 14, what is -3474 + 26?
-344c
In base 5, what is -1141 + 1403443?
1402302
In base 14, what is 1a51 - -13?
1a64
In base 13, what is 8bc + -1c4?
6c8
In base 8, what is 10 + -115622?
-115612
In base 4, what is -1320 + 331?
-323
In base 10, what is 542 - -131?
673
In base 2, what is -11000111100110 - -111?
-11000111011111
In base 13, what is -545 + -32?
-577
In base 12, what is 11 - 3130?
-311b
In base 13, what is -29 - -11c9?
11a0
In base 7, what is 1 + 45435?
45436
In base 8, what is 36 - 247?
-211
In base 4, what is -33 - -32211?
32112
In base 4, what is 121 - -1333221?
2000002
In base 14, what is 2 + -4a46?
-4a44
In base 14, what is -3 + -4dd9?
-4ddc
In base 5, what is -102231 + 4?
-102222
In base 3, what is 12 + 1220011?
1220100
In base 8, what is 2 + -133606?
-133604
In base 6, what is -21 + -40213?
-40234
In base 16, what is -13 + -18f7d?
-18f90
In base 4, what is -2 + -201203023?
-201203031
In base 6, what is 2531212 - 0?
2531212
In base 6, what is -12 + -25050?
-25102
In base 9, what is 62642 - -5?
62647
In base 4, what is 232 + 100203?
101101
In base 14, what is -3640 - 2b?
-366b
In base 6, what is -53051 + 53?
-52554
In base 2, what is -1010010011000110001 - 0?
-1010010011000110001
In base 11, what is -17 - -16a70?
16a54
In base 13, what is -137 - 8b58?
-8c92
In base 7, what is -15622 - -1?
-15621
In base 15, what is -4c4 - -4c?
-477
In base 2, what is -100011001001011011011000 - -10?
-100011001001011011010110
In base 11, what is -9038 + 4?
-9034
In base 5, what is 14 - -1444310?
1444324
In base 13, what is -762 - -33?
-72c
In base 15, what is 232 + 373?
5a5
In base 4, what is 1 + 121333023?
121333030
In base 2, what is 1111100010100111 + 1010?
1111100010110001
In base 11, what is -3 - 12080?
-12083
In base 11, what is -1 + -2803?
-2804
In base 12, what is -1 - -694224?
694223
In base 6, what is -2331530 - -2?
-2331524
In base 2, what is -11011100111 - 111?
-11011101110
In base 15, what is -78 + -99?
-122
In base 13, what is 2 + 99ac?
99b1
In base 5, what is -34342 - -14?
-34323
In base 8, what is -1660 - -212?
-1446
In base 15, what is -9c + -1368?
-1415
In base 7, what is 215 - -36?
254
In base 15, what is -3c - 7a18?
-7a55
In base 5, what is -422 - -14440?
14013
In base 9, what is 77 - -15853?
16041
In base 4, what is -23 + 20?
-3
In base 8, what is -2236 - 46?
-2304
In base 4, what is -21 + 2321021123?
2321021102
In base 12, what is 39b - 52?
349
In base 14, what is b7505 + 4?
b7509
In base 7, what is -3640 - -160?
-3450
In base 10, what is 5 + -255553?
-255548
In base 6, what is -4 + 23433?
23425
In base 8, what is 35 + -3250?
-3213
In base 7, what is -206120 - -1?
-206116
In base 12, what is -3a2 + 331?
-71
In base 6, what is -1341 - 204111?
-205452
In base 16, what is -b2a9 - a?
-b2b3
In base 6, what is 500 + -34133?
-33233
In base 4, what is 3231312 + 10?
3231322
In base 12, what is -328 + -301?
-629
In base 9, what is -2848 - 2288?
-5247
In base 9, what is 11703 - -2?
11705
In 